?
9
Let n be ((-12)/(-72))/(1/6). Let h(u) = 8*u**3 - u**2 + u - 2. Let c(w) = 16*w**3 - 2*w**2 + 2*w - 3. Let o(j) = 3*c(j) - 4*h(j). Determine o(n).
15
Let v(p) be the third derivative of -7*p**5/15 + p**4/8 + p**3/3 - 521*p**2. Give v(-1).
-29
Suppose 27*z - 29*z = -6. Let o(i) be the second derivative of -i**2/2 - 9*i. Let s(u) = 3*u + 3. Let n(j) = -6*o(j) - s(j). Determine n(z).
-6
Suppose -y - 10 - 125 = 2*z, -5*y - 185 = 3*z. Let d = -68 - z. Let b(o) = 3*o**2 - 3*o**2 + 4*o**2 - d*o - 1. Determine b(-1).
5
Let k(d) be the third derivative of d**6/120 + d**5/12 - d**4/12 - 7*d**3/6 + 68*d**2 + 2*d. Suppose 0 = -0*a - a + 4. Suppose 8*j - a*j + 20 = 0. What is k(j)?
3
Let p(f) = 2*f - 5. Let i be 248/558 - 42/(-27). What is p(i)?
-1
Let a be 1/12 - (-1928)/(-96). Let n = a - -18. Let w(u) = -17*u - 2. Give w(n).
32
Let j(u) = u**2 - 6*u + 20. Suppose -247 = -103*i + 62. Give j(i).
11
Let w(o) be the third derivative of -o**5/60 - o**4/12 + o**3/2 + 6*o**2. Let a(c) = c**3 + 32*c**2 + 131*c - 18. Let s be a(-5). What is w(s)?
-5
Let x(u) = u**2 - 2224*u**3 + u**2 + 736*u**3 + 757*u**3 + 730*u**3 + 2 - 3. Let t(i) = i - 3. Suppose 1 = 4*z - 19. Let a be t(z). Determine x(a).
-1
Suppose -6*w - 12 = -4*w. Let i(y) = -64973*y**3 + 64974*y**3 - 6 + y - 255*y**2 - 6*y + 260*y**2. Give i(w).
-12
Suppose 0 = -9*y + y - 32. Let w(z) = -z + 2. Let a be w(-2). Let p(j) = 6 - 2*j - 1 + a + 5*j. Give p(y).
-3
Let l be (-11)/(-231)*-69 - 2/(-7). Let o(c) be the third derivative of 0 + 1/60*c**5 + 1/4*c**4 + 2/3*c**3 + 2*c**2 + 0*c. Calculate o(l).
-5
Suppose 3*o - 3*z - 6 = 0, 4*o + 6*z - 8 = 50. Let i(f) = -3*f - 14. Calculate i(o).
-35
Let y(k) = 3*k - 7. Let s = -16 + -13. Let z = -63 - s. Let j = -27 - z. Determine y(j).
14
Let o(k) be the third derivative of k**4/24 - 16*k**3/3 + 139*k**2 - 3. Give o(-9).
-41
Suppose d - 56*d = 3 - 553. Let u(i) = 6*i - 62. Give u(d).
-2
Let n(v) be the second derivative of 0 - 1/120*v**5 + 0*v**3 - 1/60*v**6 + 0*v**2 - 1/3*v**4 - 20*v. Let q(a) be the third derivative of n(a). Determine q(1).
-13
Let g(w) = -278*w - 18 - 25 + 1 - 276*w + 557*w. What is g(13)?
-3
Let j(v) be the third derivative of v**5/60 - 25*v**3/6 - 574*v**2 + 2*v + 1. What is j(-5)?
0
Suppose 50 = -7*l + 141. Let a(x) = -59*x - 23. Let p(t) = 74*t + 24. Let v(m) = -5*a(m) - 4*p(m). Calculate v(l).
6
Let u(g) = 3*g + 38. Suppose -2*f - 5*q = 53, 22*f - q - 61 = 26*f. Give u(f).
-4
Suppose -27*a - 154*a = 63*a - 3660. Let g(b) = 2*b + 9. Calculate g(a).
39
Let d(m) be the third derivative of m**5/60 + m**4/24 + m**3/6 + 2*m**2. Let k(a) = a + 31. Let q be k(-16). Let z be (9/(-6))/(q/20). What is d(z)?
3
Let t(i) = -i**3 + 2*i**2 - 4*i + 3. Suppose -3 = -s - 1. Let k be t(s). Let f(o) = -10 + 29*o - 9*o - 7*o - 15*o + 3. Determine f(k).
3
Let t(w) = -w**3 + 7*w**2 - 6*w + 23. Suppose -1505 = -5*x - 1470. Give t(x).
-19
Let i(n) = 47*n - 11 - 98*n + 22*n. Let o(d) = 14*d + 5. Suppose 5*a = -4*z - 45, 2*z - z = -2*a - 18. Let v(y) = a*o(y) - 4*i(y). Determine v(-2).
19
Suppose -402 = -7*b - 388. Let v(x) = 0*x**2 - 145*x - 4 + 280*x - x**3 - 143*x - 8*x**b. Determine v(-7).
3
Let f(a) = a**3 + 8*a**2 - 3*a - 11. Suppose 36 = -35*o + 44*o. Suppose -6*c + 25 = -c, o*c = 5*u + 60. Give f(u).
13
Let b be (-114)/10 - 394/(-985). Let s(p) = p**3 + 12*p**2 + 6*p - 4. Give s(b).
51
Suppose -3*d + d + 16 = 0. Let f be (-15)/(-6) - 4/d. Let v be 25/5 + -6 + f. Let o(k) = 13*k**2 + 1. Give o(v).
14
Let b(g) be the first derivative of -g**5/20 - 7*g**4/12 - 7*g**3/6 + 3*g**2/2 - 121*g + 8. Let f(q) be the first derivative of b(q). Calculate f(-6).
9
Let j = -2292 + 4113. Let q = j + -1076. Let s(c) = 4*c**2 + c - 746 + c**3 + 0*c**2 + q. Give s(-4).
-5
Let q(a) = -a**3 - 26*a**2 - 28*a - 73. Suppose -4*g - 3*p + 91 = -8*g, 5*g + 3*p = -134. Determine q(g).
2
Suppose -45 = -3*w - 346*p + 347*p, 3*w + 3*p - 21 = 0. Let x(r) = -3*r + 15. What is x(w)?
-24
Let r(l) = -l + 2. Let z be r(-2). Suppose 8 = 2*y + y - z*p, -5*p = -4*y + 10. Let v(t) = t**2 + t + 8. Give v(y).
8
Let j(v) = 2*v**3 - 1028102 + 1028105 - 36*v**2 + 0*v**3. Give j(18).
3
Suppose -5*s = -m - 76 + 13, -s + 3 = -5*m. Let a = 17 - s. Suppose -a*b = -b - 5*h - 10, -10 = 4*b - 2*h. Let i(q) = q**3 + 6*q**2 + 7*q - 2. Determine i(b).
-12
Let x(r) = -r**2 + 13*r - 42. Suppose -634*l - 1485 = -210*l - 6149. What is x(l)?
-20
Let y(x) = -x**3 - 4*x**2 + 9*x - 14. Let v = -2888 + 2882. Calculate y(v).
4
Let r(p) = -p**3 + 11*p**2 - 5*p + 29. Let z(n) = -n**3 + 10*n**2 - 4*n + 29. Let y(b) = 5*r(b) - 4*z(b). What is y(14)?
99
Let b = 287 - 281. Let m(r) be the first derivative of r**4/4 - 5*r**3/3 - 7*r**2/2 + 7*r - 2. Give m(b).
1
Suppose 3*i + 4*s + 7 = 0, 18*i - 16*i - 14 = 2*s. Suppose 0*a - i*u = a + 18, 2*u + 25 = -5*a. Let c(t) = t**3 + 4*t**2 + 4*t - 4. Give c(a).
-7
Let i(t) = -13*t**2 + 7*t**2 - 2*t**3 + 3*t**2 + 7*t**2 + 2 - 4*t. Let u be i(2). Let l(s) = s**2 + 6*s - 3. Calculate l(u).
-3
Let z(d) = 101*d + 13 + 72*d + 73*d - 300*d. What is z(2)?
-95
Let u = 5091 + -3459. Let s(o) = 2*o**2 - 1632 + u + 4*o. Determine s(-3).
6
Suppose -3*s - 11 = 2*b, 3 + 1 = -3*b - 2*s. Let i be -18 - -16 - 10/4*b. Let g(k) = k**2 + 5*k + 8. What is g(i)?
22
Let b be (-5 + 6)*(1 + -1). Let h = 4 - b. Let t(c) = 48*c**2 - 21*c**2 - c**3 - 544 + 549 - 24*c**2. Determine t(h).
-11
Let r(w) = 324 + 361 + 0*w - 640 + 0*w - 4*w. Determine r(11).
1
Let n(c) be the first derivative of -270 - 9*c + 11/2*c**2 + 1/3*c**3. Give n(-11).
-9
Suppose -6*y + 973 = 1039. Let u(r) = r**3 + 10*r**2 - 16*r - 13. Give u(y).
42
Let y(p) = 3*p - 1. Let t(i) = i - 1. Let c(d) = -4*t(d) + y(d). Suppose -5*b + 14 = 2*b. Let a(n) = 2*n - 7. Let z(q) = b*a(q) + 5*c(q). Give z(-2).
3
Let w(q) = 3*q + 12. Let s(f) = -19*f + 10. Let t(i) = 7*i + 1. Let z(j) = s(j) + 3*t(j). Suppose -3*m + 9 = -0*m. Let l(u) = m*w(u) - 4*z(u). Determine l(7).
-9
Let b(r) = r**3 + 4*r**2 - 3*r + 10. Suppose 5*o + 25 = 5*n, 5*n = o + n + 17. Let v be (-1 + o)*(-10)/(-4). Let s be b(v). Let a(q) = -q + 3. What is a(s)?
3
Let h(m) be the first derivative of m**4/4 + m**3 - m**2/2 + m - 1. Let s = -332 + 336. Suppose -3*v + 0*v = -o + 4, -s*v - 4*o - 16 = 0. What is h(v)?
7
Let l(w) = -4*w + 25*w - 7 - 18*w + 2*w**2 - 4*w**2. Let r be l(0). Let d(s) = s**3 + 8*s**2 + 5*s - 3. Calculate d(r).
11
Let v(f) = 11*f**2 + f + 9. Let x be v(4). Let p = x + -184. Let t(g) be the first derivative of -g**3/3 + g**2 + 4*g + 1. Calculate t(p).
-11
Let h(t) = 3*t + 1027 + 9*t - 526 - 491. Give h(-1).
-2
Let k(p) be the second derivative of 1/20*p**5 + 77*p - 1/3*p**3 + 0 + 1/2*p**2 + 1/4*p**4. What is k(-3)?
7
Let f(u) be the first derivative of -7*u**4/4 - u**3/3 + 3. Let b be f(-1). Let n = 5 - b. Let v(m) = -13*m. Calculate v(n).
13
Let m(j) = 12*j**2 - 5*j + 1 - 13*j**2 + 2*j**2 - 2*j - 3*j. Determine m(12).
25
Let r(d) be the second derivative of -d**4/6 - 11*d**3/6 + 3*d**2/2 + 37*d. Let c(b) be the first derivative of r(b). Calculate c(-9).
25
Suppose -33*a = 669 - 735. Let u(p) = 52*p - 7. Determine u(a).
97
Let k(i) = -6*i**2 - 11*i + 20. Let n(m) = 2*m**2 + 4*m - 7. Let q(z) = -3*k(z) - 8*n(z). Suppose -124*r + 80 - 452 = 0. Calculate q(r).
11
Let c = 308 - 506. Let m = -205 - c. Let l(q) = q**3 + 7*q**2 + 2*q + 6. What is l(m)?
-8
Let t be -3 - 10 - (-5 - 0/1). Let m(i) = -9*i + i**2 + 0*i**2 - 5 + 3 - 2*i**2 - 3. Calculate m(t).
3
Let p = 36 - 33. Suppose -k - p*a = -12, -2 = -k + 5*a - 22. Let v(n) = -2*n + n + k*n - 3 + 2*n**2. Give v(-3).
18
Let p(u) = u**2 - 15*u + 24. Let i(o) = o**2 - 187*o + 5450. Let f be i(36). Determine p(f).
10
Let s(b) = 0*b**2 + b**3 - 2*b - 2*b**3 - 3 - 2*b**2. Let j be s(-2). Let d(k) = -k**2 + 23*k + 29*k - 7*k**3 + 25*k - 75*k - 2 + 1. What is d(j)?
-7
Let d(y) = -5*y**2 - 2*y + 8. Let x(s) = -4*s**2 - 3*s + 9. Let b(q) = -5*d(q) + 6*x(q). Let u be b(4). Let p(l) = l. What is p(u)?
-2
Let g(u) be the second derivative of u**5/20 - u**4/12 + u**3/6 + u**2 + 2522*u. Suppose -x - 2*z + 5 = 0, 3*x = 3*z - 2*z - 13. What is g(x)?
-37
Let w(v) = v + 5. Let p = -18 + 19. Let q be -8 - p*-5*3/(-15). Calculate w(q).
-4
Let o(i) = 5*i**2 + 2*i - 1. Let t(b) = 58*b**2 - 522*b - 3. Let s be t(9). Determine o(s).
38
Let p(f) = -f**2 + 2